is divided by (72/(-60))/(1/35*(-12)/20).
57
Let u be (-46)/(-10) - 99/165. What is the remainder when 83 is divided by (-8 + 5)/12 + 73/u?
11
Suppose 5*b - 3782 = -117*b. Calculate the remainder when 69 is divided by b.
7
Let g(x) = 27*x**2 + 331*x - 2330. What is the remainder when g(7) is divided by 28?
22
Let r = -3647 - -4271. Calculate the remainder when r is divided by 19.
16
Let a(o) = 14*o**2 + 7. Calculate the remainder when a(-5) is divided by -91 - -99 - (-3 + (-2 - -5)).
5
Let q(x) = -x**2 - 5. Let j be q(-5). Let u(p) = -p**2 + 25*p + 17. Calculate the remainder when 15/j*-162*2 is divided by u(24).
39
Let n = 237 + -64. Calculate the remainder when n is divided by (-7)/28*-16 + 3 + 25.
13
Let r(n) = n**2 + 4*n - 4. Suppose 0*u - 52 = -3*z - u, 0 = 4*z + 5*u - 84. What is the remainder when r(4) is divided by z?
12
Let t = -11348 - -14492. Calculate the remainder when t is divided by 175.
169
Let o be 3080/42 + 16/(-12). Suppose o - 54 = 2*u. What is the remainder when 114 is divided by u?
6
Suppose 2*p + 15 = 3*w, 5*w = 2*p - p + 4. Let y = 20 + p. Suppose 2*v = 7 + y. Calculate the remainder when 15 is divided by v.
6
Let p(h) = 33*h + 2866. Calculate the remainder when p(-75) is divided by 166.
59
Suppose 2*b = 3*f + 50, -16 = 2*f - 0*f + 3*b. Let c = f + 79. What is the remainder when c is divided by (5 + -4)/(3/99)?
32
Suppose 50*k + 852 = 48*k. Let m = -228 - k. What is the remainder when m is divided by 10?
8
Let w(a) = 4*a. Let r(d) = -50*d - 348. Let g be r(-7). Suppose 5*x = -f + 26, -4*f + 29 = 3*x + g*x. What is the remainder when w(2) is divided by x?
3
Suppose -3*r = -3*l + 21, -2*l + 9 + 0 = -r. Let b be r + (6 - 4) - -13. What is the remainder when 121 is divided by (-72 + b)/(2/(-2)*2)?
28
Suppose 736 = 12*i - 8*i. Suppose 435 = -6*o + 813. What is the remainder when i is divided by o?
58
Calculate the remainder when 424 is divided by (1*3/4)/((-36)/(-3984)).
9
Let n be (-2 + 136)/(-12 - -14). Suppose 77*t = n*t + 6980. What is the remainder when t is divided by 25?
23
Let u(y) = -y**3 + 24*y**2 + 25*y + 5. Let d be u(25). Suppose 0 = 4*i + 12, 2*i = -d*g + 6*i + 352. Calculate the remainder when g is divided by 36.
32
Let n = -793 + 788. Let k(w) = 49*w + 289. What is the remainder when k(n) is divided by 11?
0
Let v = -30 + -7. Let z = v + 58. Suppose 2*a - 37 + z = 0. Calculate the remainder when 13 is divided by a.
5
Suppose d - 4 = -1, -4*d = s - 79. Let k(j) = j**2 - 11*j + 9. Let p be k(7). Let g = p - -37. Calculate the remainder when s is divided by g.
13
Let g(u) = u + 29. Suppose -7 - 3 = -5*y. Calculate the remainder when -1*y + 51 + -10 is divided by g(-19).
9
Suppose -g - 711 - 601 = -9*g. Calculate the remainder when g is divided by 22.
10
Suppose 90*a - 3*r + 26 = 95*a, -15 = 5*r. Calculate the remainder when 1250 is divided by a.
4
Let p(j) = 6*j**2 - 1285*j + 5143. Let u = -33 + 67. What is the remainder when p(4) is divided by u?
31
Let m = 244 + -119. What is the remainder when 50/m + 1636/10*1 is divided by 24?
20
Let l = -13816 + 13839. Calculate the remainder when 11222 is divided by l.
21
Suppose -912 + 5103 = 33*s. What is the remainder when 887 is divided by s?
125
Let u = 17443 + -12693. What is the remainder when u is divided by 44?
42
Suppose -5*p - 32 - 160 = -4*k, 4*p = -16. Calculate the remainder when 1418 is divided by k.
42
What is the remainder when 700*((-20)/(-8) - -2) + 11 is divided by 11?
4
Suppose 3*z - 5*s - 1763 = -454, z - s - 435 = 0. Calculate the remainder when z is divided by 29.
27
Suppose 16*m - 3*m = -52. Let p(a) = a**2 - 7*a - 12. Calculate the remainder when 351 is divided by p(m).
31
Let j be (-4)/(-6) - (-11568)/36. Suppose 325*i - j*i = 774. What is the remainder when i is divided by 13?
11
Let k = -3470 - -3487. Calculate the remainder when 176 is divided by k.
6
Suppose -3*l + c + 11 = 2*l, -l = 2*c. Suppose -2*w - 5*v = -68, 2*w - 5*w - l*v = -102. Calculate the remainder when (-2)/4*w*-3 is divided by 13.
12
Suppose 0 = 2*h - 0*h - 78. Calculate the remainder when (-23)/((-483)/1204)*66/44 is divided by h.
8
Suppose 2*g = 3*c - 453, -5*c - 36*g + 755 = -31*g. Calculate the remainder when 550 is divided by c.
97
Suppose -11*r - 4*r + 1882 = -5963. What is the remainder when r is divided by 76?
67
Suppose -3*u + 4*k - 8 - 1 = 0, 3*k = u + 8. Let z = -1648 - -1659. Suppose z*n = u + 10. Calculate the remainder when 5 is divided by n.
0
Let h = 19357 + -14723. What is the remainder when h is divided by 232?
226
Let p be 859 - (6/24)/((-1)/4). Suppose -78*w + 98*w = p. Calculate the remainder when 299 is divided by w.
41
Calculate the remainder when (-33369)/(-15) + ((-2)/30)/(17/(-102)) is divided by 552.
17
Suppose -2*b + 3863 = 2*k - 8423, 3*b = 3*k - 18483. Calculate the remainder when k is divided by 28.
20
Let l(s) = 8*s**2 + s. Let u be (3/(-2))/((-1746)/(-192) + -9). Let c(v) = v**2 + 11*v + 8. What is the remainder when c(u) is divided by l(-2)?
28
Suppose 2*g = 7*g, -3*g = -t + 506 + 876. What is the remainder when t is divided by 66?
62
Let x(c) = 38*c + 10 - 14*c + 9 - 2*c**2. What is the remainder when x(11) is divided by 13?
2
Suppose 0 = -50*f + 2215 + 6385. What is the remainder when f is divided by 34?
2
Let r be (52/(-6))/(1/(-72)*2). Suppose -106 - r = -19*v. What is the remainder when 150 is divided by v?
18
Suppose -2*t = 4*p - 20, -6*p + 8*p + 74 = 5*t. Let v = -35 - -61. Calculate the remainder when v is divided by t.
12
Suppose 0 = -4*a - 3*n - 54 + 373, 422 = 5*a - 4*n. Calculate the remainder when 3442 is divided by a.
80
Let y = 27898 - 27814. What is the remainder when 3 + -1 - (-1 - 584) is divided by y?
83
Let m = -2998 - -3034. What is the remainder when 1538 is divided by m?
26
Let j(i) = -2*i**3 - 55 + 6*i**2 + 20*i**2 + 10*i**2 + 8*i. Let h(w) = 8*w**2 - 2*w + 2. Calculate the remainder when j(18) is divided by h(2).
29
Suppose 0 = 45*n + 33086 - 198555 - 311801. What is the remainder when n is divided by 312?
310
Suppose -12*p + 26 = -22. Let x be (-2 - p/(-4))*(0 + -2). Suppose -o + 2*o = x*n - 14, 0 = 4*n + 4*o - 16. Calculate the remainder when n is divided by 3.
0
Suppose 1342 + 4181 = 4*v + 5*w, 2*w = 2*v - 2748. What is the remainder when v is divided by 97?
19
Let d = 3 + 113. Suppose -388*x - 216*x - 68*x = -16128. What is the remainder when d is divided by x?
20
Let s(u) be the first derivative of -3*u**2/2 - 21*u - 2. What is the remainder when 33 is divided by s(-11)?
9
Let y(m) = -m**3 - 5*m**2 + 2*m - 1. Let s be y(-4). What is the remainder when 354 is divided by (-4)/(-10) - -253*(-5)/s?
48
Let j(y) = -206*y + 296. Calculate the remainder when j(-3) is divided by 51.
47
Let r = 563 + -559. What is the remainder when (-46)/r*-2*(-3)/(-1) is divided by 18?
15
Suppose -13*z - 980 + 1929 = 0. Calculate the remainder when z is divided by 27.
19
Suppose 25*i - 4*i = 378. Calculate the remainder when 357 is divided by i.
15
Suppose -177*w + 18605 + 1573 = 0. What is the remainder when 557 is divided by w?
101
Let q(p) = 2*p**2 + 34*p + 37. Let g be q(-16). Suppose -3*i + y + 119 = 0, 4*i + 3*y - 160 = g*y. Calculate the remainder when 189 is divided by i.
33
Suppose 3294 = 80*h - 2546. What is the remainder when h is divided by 5*9 - (5 - 2)?
31
Let m(h) = 9*h**2 - 2*h - 1. Suppose -28*r + 133 = -21*r. Suppose -2*y + 76 = r*i - 16*i, -2*i + 201 = 5*y. Calculate the remainder when y is divided by m(-1).
1
Suppose 5*m - 12*m + 196 = 0. Suppose 5*h - 52 = -5*v + m, 72 = 4*h - 4*v. What is the remainder when h is divided by 10?
7
Suppose 12*g - 95463 = -5442 - 18105. What is the remainder when g is divided by 100?
93
Let j be ((-21)/9 - -2)/((-1)/435). Let g = j + -92. Let n = g + -35. Calculate the remainder when 69 is divided by n.
15
Let u = 9553 - 9417. What is the remainder when 1758 is divided by u?
126
Suppose -259*p = -260*p + 2, 3*p = -2*z + 642. Calculate the remainder when z is divided by 22.
10
Let g = -30 + 38. Let o be (-7)/((-28)/g) - 128. Let j = -73 - o. Calculate the remainder when j is divided by 9.
8
Let x(m) = m**2 + 2*m + 9. Let a = -3249 + 3272. Calculate the remainder when x(-10) is divided by a.
20
Let a(o) = o**3 - 26*o**2 + 20*o + 27. Let m be a(26). Let b = m + -385. Let r = b - 65. Wha